 p(q) = 270*q + 5172. Give p(-19).
42
Let b(k) = -380*k - 56986. Give b(-150).
14
Let h(u) = 5712*u + 199916. Give h(-35).
-4
Let j(c) = 2*c**3 - 90*c**2 + 7*c - 14. Calculate j(45).
301
Let q(m) = -209*m - 415. Calculate q(-4).
421
Let x(w) = 133*w + 4702. What is x(-35)?
47
Let l(x) = 16*x + 734. What is l(-44)?
30
Let l(y) = -47*y + 30. Calculate l(-1).
77
Let b(r) = -15*r - 645. Give b(-40).
-45
Let h(l) = -347*l + 7629. Determine h(22).
-5
Let w(s) = -s**2 - 92*s - 2153. Calculate w(-29).
-326
Let w(v) = -4*v - 18. What is w(-14)?
38
Let u(n) = 2*n**2 + 298*n - 10323. Give u(29).
1
Let a(q) = -142*q + 66. Calculate a(-2).
350
Let z(y) = -104*y - 903. Determine z(-14).
553
Let h(g) = -2*g**3 + g**2 + g + 45. Give h(-6).
507
Let i(w) = 54*w - 1944. Calculate i(41).
270
Let t(j) = -176*j - 515. What is t(-3)?
13
Let c(p) = -p**3 - 35*p**2 - 196*p - 11. Determine c(-7).
-11
Let s(z) = -z**2 - 11*z - 84. Determine s(-10).
-74
Let z(i) = -i**3 - 3*i**2 + 2*i + 4. Determine z(-5).
44
Let u(s) = 275*s + 2296. Calculate u(-7).
371
Let w(o) = -6*o**2 + 118*o + 34. Give w(20).
-6
Let v(w) = 338*w - 1361. Give v(4).
-9
Let n(d) = d**2 + 50*d - 47. Determine n(-50).
-47
Let x(z) = z**3 + 39*z**2 + 20*z + 805. Determine x(-39).
25
Let r(g) = g**3 + 14*g**2 + 17*g + 3. Determine r(-13).
-49
Let x(k) = -4*k**2 - 390*k - 3781. What is x(-11)?
25
Let s(n) = -5*n**2 + 50*n + 51. Give s(-1).
-4
Let x(u) = -19*u**2 - 9*u + 4. Calculate x(-3).
-140
Let c(q) = -9*q**3 + 37*q**2 + 185*q - 6. Calculate c(7).
15
Let i(f) = 17*f + 513. Determine i(-29).
20
Let g(h) = 5*h**2 - 348*h + 16. Give g(70).
156
Let o(j) = j**2 - 196*j - 5513. Give o(-25).
12
Let c(z) = 41*z**3 + 2*z**2 - 9*z - 1. Give c(2).
317
Let a(p) = -188*p - 3262. Calculate a(-17).
-66
Let p(w) = 333*w + 2339. What is p(-7)?
8
Let u(w) = 5*w**2 + 132*w - 89. Calculate u(-27).
-8
Let x(w) = 353*w - 4231. Determine x(12).
5
Let u(q) = 9142*q - 18288. Give u(2).
-4
Let a(v) = v + 17. Calculate a(-17).
0
Let o(k) = -12*k**2 + 4*k - 32. Calculate o(4).
-208
Let w(o) = -o**3 - 28*o**2 - 62*o + 336. Calculate w(-25).
11
Let x(p) = p**3 + 7*p**2 + 9*p + 30. Give x(-5).
35
Let r(k) = 183*k + 2674. Give r(-17).
-437
Let d(i) = -i**2 + 432*i + 4882. What is d(-11)?
9
Let s(c) = 28505*c + 57002. Calculate s(-2).
-8
Let s(t) = -88*t + 277. What is s(4)?
-75
Let q(x) = -x**2 - 61*x - 21. Calculate q(-62).
-83
Let m(w) = 845*w - 1749. Determine m(2).
-59
Let k(n) = -60*n - 134. Calculate k(-4).
106
Let i(s) = -s**2 - 18*s + 1341. Determine i(28).
53
Let r(o) = -3*o**2 + 818*o + 4161. Give r(-5).
-4
Let z(d) = -98*d - 980. Calculate z(-10).
0
Let j(n) = -n**3 + 4*n**2 + 74*n + 14. Calculate j(11).
-19
Let q(l) = 3*l**2 + 144*l - 476. Determine q(-51).
-17
Let g(f) = -21*f**2 + 25*f - 45. Calculate g(2).
-79
Let y(q) = q**2 + 41*q + 314. Calculate y(-25).
-86
Let u(t) = -24*t - 81. Calculate u(-3).
-9
Let y(c) = c**3 - 76*c**2 + 5*c - 371. Determine y(76).
9
Let g(w) = 9*w**2 - 98*w + 18. What is g(12)?
138
Let h(u) = -18*u**2 - 137*u + 45. Give h(-8).
-11
Let r(q) = 23*q + 15. Calculate r(9).
222
Let u(g) = 112*g - 17. Determine u(2).
207
Let t(d) = -5*d**2 - d - 7. What is t(1)?
-13
Let v(o) = 317*o - 795. What is v(4)?
473
Let z(r) = -2*r**2 - 161*r - 970. What is z(-74)?
-8
Let m(f) = 613*f - 155. Calculate m(1).
458
Let d(z) = -108*z**3 - 1296*z**2 - 9. Determine d(-12).
-9
Let n(s) = s**2 - 1348*s - 2696. Give n(-2).
4
Let v(h) = 371*h - 3846. Calculate v(10).
-136
Let u(g) = -g**3 + 10*g**2 - 2*g + 100. Give u(0).
100
Let n(u) = 2*u**3 - 133*u**2 - 273*u - 3. Give n(-2).
-5
Let w(f) = -2*f**3 + 89*f**2 + 284*f + 8. What is w(-3)?
11
Let m(y) = y**2 + 264*y + 17174. What is m(-148)?
6
Let p(z) = -207*z - 1714. Calculate p(-9).
149
Let k(m) = 69*m + 10. What is k(-1)?
-59
Let x(h) = 10*h**2 - 761*h - 2274. Give x(-3).
99
Let v(h) = -11*h**3 + 3*h**2 + 5*h - 1. Give v(-2).
89
Let i(f) = -26*f**3 + 48*f**2 + 11*f - 6. Determine i(2).
0
Let k(m) = m**3 - 32*m**2 - 68*m - 3. Calculate k(34).
-3
Let k(s) = -2*s**3 - 71*s**2 + s + 1262. Give k(-35).
2
Let f(y) = -y**3 + 885*y**2 - 6146*y - 5. Give f(7).
-5
Let s(m) = -276*m + 4295. What is s(16)?
-121
Let m(c) = -22*c - 47. Give m(4).
-135
Let i(q) = -334*q + 10018. Give i(30).
-2
Let t(j) = 32*j + 674. What is t(-7)?
450
Let t(p) = p**2 - 83*p + 1543. Give t(29).
-23
Let a(n) = 275*n - 1650. Determine a(6).
0
Let h(c) = 2*c**3 - 20*c**2 - 10*c + 96. Determine h(10).
-4
Let u(f) = 201*f - 17494. Determine u(87).
-7
Let x(b) = 2*b**2 - 33*b - 23. Calculate x(17).
-6
Let u(v) = 12*v**3 - 3*v**2 - v + 3. Calculate u(-2).
-103
Let q(o) = -6*o**3 + 71*o**2 - 87*o + 1190. Determine q(12).
2
Let n(y) = 43*y**2 - 277*y - 4. Determine n(6).
-118
Let y(r) = -35*r**3 - 2*r**2 + 4*r + 2. Give y(2).
-278
Let g(t) = -1566*t - 1554. Give g(-1).
12
Let v(d) = -d**3 + 32*d**2 - 128*d + 539. Calculate v(28).
91
Let n(d) = -3*d**3 - 3*d**2 + 2. What is n(1)?
-4
Let r(v) = -4*v**3 + 23*v**2 + 9*v - 18. Give r(6).
0
Let k(u) = -u**3 + 8*u**2 + 34*u + 30. What is k(10)?
170
Let y(i) = -2*i - 165. Give y(-77).
-11
Let f(m) = -150*m - 10943. Give f(-73).
7
Let v(z) = -z**3 + 72*z**2 - 389*z - 475. What is v(66)?
-13
Let a(c) = -4578*c + 4581. Calculate a(1).
3
Let w(c) = 52*c + 1595. Calculate w(-31).
-17
Let o(w) = 133*w + 4249. Calculate o(-32).
-7
Let a(o) = -1402*o - 25230. Calculate a(-18).
6
Let n(v) = -116*v + 930. Determine n(8).
2
Let u(m) = m**3 + 10*m**2 + 8*m - 71. Give u(-5).
14
Let w(h) = -4*h**3 - 162*h**2 - 64*h + 852. Calculate w(-40).
212
Let z(b) = -62*b + 1186. Give z(21).
-116
Let l(n) = 3*n**2 + 12*n - 42. What is l(-8)?
54
Let i(v) = 22*v**2 + 1959*v + 104. Determine i(-89).
15
Let a(d) = -3*d**3 + 16*d**2 + d - 82. Calculate a(6).
-148
Let a(v) = -v**3 - 7*v**2 - 4*v + 9. What is a(-11)?
537
Let p(v) = -6*v**3 - v**2 - 69*v - 23. What is p(0)?
-23
Let v(y) = -101*y + 7661. Determine v(76).
-15
Let q(l) = -7*l**2 + 474*l - 788. What is q(66)?
4
Let d(a) = -a**3 - 1294*a**2 - 91425*a + 1. Determine d(-75).
1
Let a(d) = 589*d**3 + 4*d**2 + 9*d + 6. Calculate a(-1).
-588
Let j(r) = 103*r - 8325. Determine j(81).
18
Let j(a) = a**3 + 11*a**2 - 14*a - 126. Give j(-6).
138
Let b(z) = -5*z**2 + 5*z - 27. Give b(4).
-87
Let s(v) = 139*v + 2074. Give s(-15).
-11
Let v(m) = -2*m**3 - 15*m**2 + 114*m + 68. Calculate v(-12).
-4
Let n(g) = -g**3 - 3*g**2 - 18*g - 50. Determine n(-6).
166
Let w(g) = 6*g - 190. Give w(31).
-4
Let m(c) = 71*c + 7578. Calculate m(-107).
-19
Let q(j) = -55*j + 1513. Give q(27).
28
Let d(o) = 5*o**2 + 56*o + 619. Calculate d(-15).
904
Let s(c) = c**3 + 2*c**2 - 2*c + 157. Determine s(0).
157
Let x(z) = -z**3 - 24*z**2 - 172*z - 343. Give x(-12).
-7
Let m(a) = -55*a - 652. Calculate m(-12).
8
Let x(w) = -2*w**2 + 88*w - 83. Calculate x(43).
3
Let o(d) = 1840*d + 3671. Calculate o(-2).
-9
Let c(f) = -9*f**2 + 20*f - 37. Calculate c(6).
-241
Let f(h) = 22*h - 77. Determine f(2).
-33
Let t(w) = -375*w**2 - 3000*w + 1. What is t(-8)?
1
Let w(h) = 4*h**2 + 201*h + 2601. Determine w(-16).
409
Let c(t) = -1958*t + 7830. What is c(4)?
-2
Let a(r) = 93*r + 6632. Give a(-71).
29
Let z(w) = 2*w**3 + 8*w**2 + w + 39. What is z(-5)?
-16
Let q(s) = 2*s**3 - 37*s**2 - 18*s - 42. Calculate q(19).
-23
Let f(j) = -4*j**3 - 10*j**2 + 27*j + 1. Give f(-4).
-11
Let h(i) = 3*i**2 + 101*i + 74. Determine h(-30).
-256
Let a(t) = -t**3 - 27*t**2 + 99*t + 2681. Give a(-27).
8
Let m(t) = -t**3 + 38*t**2 + 84*t - 140. Give m(40).
20
Let o(g) = -25*g - 1242. Give o(-51).
33
Let z(l) = 19*l - 528. Calculate z(19).
-167
Let y(b) = -102*b - 126. Calculate y(-4).
282
Let f(b) = -347*b + 70448. Give f(203).
7
Let p(u) = -u**3 + 109*u**2 - 483*u + 6629. Calculate p(105).
14
Let h(t) = -t**3 + 6*t**2 - 12*t - 11. Give h(5).
-46
Let r(d) = d**3 - 18*d**2 - 17*d - 9. Calculate r(19).
29
Let d(k) = -98158*k + 687104. What is d(7)?
-2
Let z(a) = -174*a + 1568. What is z(9)?
2
Let v(g) = -2*g**2 - 519*g + 3445. Give v(-266).
-13
Let t(g) = -48*g - 5132. Determine t(-107).
4
Let d(f) = 2*f**3 + 26*f**2 - 22*f - 29. Determine d(-14).
-113
Let i(s) = -s**2 - 223*s + 1133. Calculate i(5).
-7
Let t(g) = -5*g**3 - 2*g - 4. Determine t(2).
-48
Let b(i) = -3*i**3 - 2*i**2 - 2*i + 10. Give b(1).
3
L